is -97 + 0 + (92 - (41 - -47)) + 12?
-81
Calculate 83 - (43 + 66) - -162.
136
-8 - (-10 + (23 - (-1 + 10))) - (-3 - -1)
-10
What is the value of (60 - (-11 + -38)) + -75?
34
What is 13 - (5 - -12 - (1 - -6) - 39)?
42
What is -4 + -2 + -10 + 10 + 8 + -2 + -16?
-16
Calculate -3 + (14 - (-11 - (-4 - 5)) - (60 + -37)).
-10
Evaluate 48 + -27 + -14 + 3 + 44.
54
Evaluate -5217 + 5216 - (-1 - -17).
-17
Calculate (17 - 98) + (208 - 138).
-11
Evaluate (44 - (65 - -11)) + -28.
-60
What is the value of 5 - (-20 + -6 + 36) - 26?
-31
Evaluate -45 + (9 - 9 - (6 + (-6 - (-10 - -2)))).
-53
What is 4718 + -4717 + (-3 - 72)?
-74
Evaluate -2 - (18 - 4) - (-304 - -356).
-68
Calculate -778 - -558 - (-132 - 0).
-88
-16 - (1 + 22 + -49) - 38
-28
Evaluate -24 + (-6 - (-60 + 19 - -16)).
-5
Evaluate (10 + -2 - (-4 - (-6 + -18))) + -2.
-14
What is the value of -82 - (-121 + 15) - (-10 + (0 - (0 + 4)))?
38
Evaluate (-9 - 9) + -12 + (10 - (15 + -7)).
-28
1 - ((1523 - 1549) + (-3 - -2 - -2))
26
(48 - 4) + -617 + 583
10
What is 19 + -12 + -49 + 12 + 73?
43
What is the value of (-12 - (45 + -47)) + -14?
-24
53 + -56 + 52 - 17
32
What is -29 - 6 - (30 - 42) - (-1 + 4)?
-26
Evaluate (-93 - -182) + (-5 - (9 - 23) - 27).
71
What is (3 - -9) + 4 + (1 - (3 - 6 - -1))?
19
What is the value of (0 - -3) + (-10 - (2 - (-3 - (-19 + 8))))?
-1
Calculate 13 + -5 + -2 + 5 + (66 - 73).
4
Calculate -1 + -65 + -158 + 201.
-23
What is the value of 4 + -82 + -88 + 80 + -7?
-93
What is -28 + (-51 - (-65 - 48))?
34
What is 23 - (-5 + (15 - 3)) - (-78 + 79)?
15
Evaluate 97 + (-31 + -126 - -117).
57
-79 + -59 - -44 - -20
-74
Evaluate (2 - (-1 - -64)) + 159 + -198 + 59.
-41
What is -24 - (24 - -72) - (38 + -52)?
-106
What is the value of -124 + 61 + 24 + -1 + -12?
-52
10 + (-6 - (12 + (-16 - (-4 + 10))))
14
Calculate -14 + 24 + (202 - 211).
1
What is (-25 + 61 - -154) + -123?
67
What is -20 + (8 - (36 + -43)) + -2?
-7
What is the value of (-8455 - -8477) + 3 + 0?
25
What is the value of -30 - (-10 + (-18 - -9) + 2)?
-13
What is 167 + -190 - (-5 + (-4 - (-6 + -2 - -5)))?
-17
Calculate 13 + -35 + -13 + 21 + 46.
32
Calculate 20 + 30 + (-21 - 69) - -9.
-31
-856 + 891 + -41 + 1
-5
What is (4 - -4 - 1) + (-12 - (-16 - 19))?
30
What is (-65 - -17) + 30 - (7 - (7 + -36))?
-54
3 + -1 + -34 - (1449 + -1442)
-39
What is the value of (43 - 36) + (-82 - -59 - (13 + 0))?
-29
Calculate -109 + -8 - (-683 + 522).
44
What is the value of 77 - (149 + (-43 - 30))?
1
87 - (10 - (5 - 53))
29
What is the value of -10 + (-18 - (19 + -11 + -4 - 9))?
-23
18 + (1 - 1 - (-75 + 79)) - (-5 + 2)
17
2 - (9 - (-20 - (0 + 5 + -9)) - 15)
-8
What is the value of 2 + 10 + -6 + (-104 - -12) + -3 + -3?
-92
What is -1 + -5 + (96 - (49 - -11) - (-13 + 0))?
43
What is the value of 121 + -135 - ((-6 - -2) + -8)?
-2
What is -90 - (93 + -79 - 48)?
-56
Evaluate 29 + -6 + 171 + -126.
68
26 - (-11 + -4 + 16 - 0)
25
What is the value of (-6 - 2) + -3 + (5 + 3 - 3) + -3?
-9
What is 71 + (-25 - -28) + (10 - 0)?
84
What is the value of -8 - (42 - (-11 + 2 + 41))?
-18
(45 - (175 + -63)) + 57
-10
Evaluate 40 + (-50 - -17) - -33.
40
What is 51 + -77 + 113 + -1?
86
Calculate 1 + 17 + -1 - 0 - -54 - -3.
74
Calculate 9 - (10 + -10 - (53 + (-12 - -9))).
59
(15 - (-2 - -39)) + 69 + -1
46
What is the value of -109 + -5 + 8 - (-9 - (-3 + -15 + -4))?
-119
What is the value of 10 + -1 + 1 + (-6 - (23 - 28)) + 61?
70
What is the value of (-79 - (-122 + 66)) + 50?
27
What is the value of -8 + 45 - (-265 - -295)?
7
What is the value of -4 - (-7 - -4 - (3 + 21 + 2))?
25
What is the value of 1 - (-2 + 1) - 7 - (-18 + -146 + 60)?
99
Evaluate (1 - 0) + -4 + (62 - 108) + (17 - -70).
38
-25 + (-8 - (-1 + 25 + -4))
-53
What is the value of 7 + 56 + -51 + -1 + -7 - (-12 - 33)?
49
What is the value of (42 - (35 - -15)) + -52?
-60
Evaluate 36 - ((33 - 43) + 95).
-49
Evaluate -25 - (-1 + 1 + 2 - (1624 + -1610)).
-13
What is (-15 - (4 + 10)) + (42 - 31)?
-18
(-52 + 58 - 51) + 95
50
Calculate (-110 - 292) + 334 + 0 + (1 - -16).
-51
Evaluate 636 + -558 - (-5 + 47) - (1 - -10).
25
What is -68 + (-66 - -171) + 65?
102
-8 - -56 - (-182 + 169)
61
Evaluate (-141 - -281) + 3 + 10 + (24 - 47).
130
-7 + (2 - 44 - ((59 - 23) + -53))
-32
What is the value of 102 + (-52 - -39) + -117?
-28
What is 19 + (-38 - -57) + 28?
66
What is the value of (19 - (-16 - (7 + -12))) + -19?
11
What is 46 + (-1 - -25) + -107?
-37
What is 36 + (-89 - -3) - (2 + 3 + 8)?
-63
Evaluate -251 + 274 + -2 + -2 + -31.
-12
Calculate (8 + -6 - -5) + -15 + (-375 - -338).
-45
Calculate 16 + -2 + 35 + (1 - 41) - -69.
78
What is the value of (56 - -1 - 4) + (-2 - 19)?
32
What is -13 + (-19 - 7) - (0 - (4 - 2))?
-37
What is (-2 - -5) + (-26 - ((4 - 16) + 10))?
-21
Evaluate -24 + (5 + (1 - 0) - (566 + -553)).
-31
Calculate 0 + 7 + (-104 + 87 - (3 + 17)).
-30
Evaluate 154 + -41 + 41 + (-11 - 16).
127
Evaluate (13 - (2 - 4)) + -89 + (36 - 18).
-56
Evaluate 18 + 46 + -51 + 9.
22
Evaluate -1 + -17 + 14 + (-2 - (-38 - -7)).
25
What is the value of (14 - 0) + (1 + -6 - (4 - 107)) + -6?
106
Evaluate 15 + (-111 + 104 + (3 - 17) - -2).
-4
What is -80 - ((-4 - -5) + -26) - 6?
-61
What is the value of (-168 - -182) + (17 - -1) + -7?
25
What is the value of -56 + 3 + (194 - 192)?
-51
What is the value of -12 + (-37 - -62 - -16)?
29
Calculate 122 + (74 - (-38 + 130)).
104
-14 + -122 + 80 - -50
-6
What is the value of 23 + (-23 - (74 - 23)) + 12?
-39
What is -14 + -119 + -31 - (-29 + 10)?
-145
Evaluate 23 + -72 + 10 + (-4 - -12).
-31
What is the value of (-108 - 1) + -95 + 129?
-75
Evaluate (-89 - -17) + 61 + (-5 - 108).
-124
Evaluate 163 + (-142 - -67) + -89.
-1
Evaluate -48 - (-8 + 32 + -51).
-21
2 + (-42 + 9 - 10) - (-23 + 20)
-38
2 - 12 - -3 - (-33 + 40 + (1 - -4))
-19
What is (34 - (2 - 1)) + (-21 + 20 - -18 - 16)?
34
Evaluate 1 - -10 - (61 - 36 - -29).
-43
Evaluate -47 + 23 + (22 - 18) + 132 + 0.
112
What is -132 - (-390 - (-90 + -71))?
97
Calculate -396 + 389 - (23 - 6).
-24
Calculate 34 + (-53 - 47) + 16.
-50
What is (19099 - 19017) + (-1 - 40)?
41
Calculate -40 + -1 + (65 - 52).
-28
Calculate 46 + -107 + 8 + -28 + 0 + 1.
-80
Calculate (25 - 39) + (7 + -7 + 76 - 10).
52
-3 + (21 - (63 + -32)) + -7 + 0
-20
Calculate 83 + -7 + (760 - 724).
112
Evaluate 4 - ((-81 - -46 - 75) + -6 + -5).
125
What is the value of -10 + ((8 - -7) + 19 + -22 - (12 - 0))?
-10
Calculate -26 + (-40 - -26 - -38 - -21).
19
Evaluate -5 - 2 - 44 - -56.
5
What is the value of (-284 - -309) + (-1 - -32) - 11?
45
What is (-1 - (2 - 26)) + -5165 + 5055?
-87
Evaluate 28 - (0 + (4 - -2) + -6) - -2.
30
Calculate -39 + 49 + -10 + -33 + 81.
48
What is -2 + 1 + 73 + (-62 - ((57 - 38) + -72))?
63
-55 - ((-6 + 20 - -1) + -3 + -8)
-59
Evaluate -11 - (45 - (-8 - (-18 + 18))).
-64
Evaluate -1 + -36 + (-266 - -331).
28
10352 + -10349 + (1 + 0 - (-1 + 0)) + 41
46
Evaluate -18 - 8 - (50 + -72) - (-10 + -1).
7
-29 - -24 - (3 + (9 - (-2 - 1)))
-20
Evaluate 40 - (0 - 7) - 4 - (6 - (2 - -11)).
50
Calculate 86 - (-11 - -45) - 17.
35
What is the value of (-20 + -35 - -23 - -42) + -32?
-22
Evaluate -51 - 1 - (-1701 - -1601).
48
What is the value of -2 - -21 - (-929 + 998)?
-50
What is the value of -57 - (-89 - (-59 + -29))?
-56
Calculate -5 - (-7 + -25 + -27).
54
What is 11 - (10 + -21 - 8 - -12)?
18
What is the value of (-85 - 0) + (-988 - -977) + -3?
-99
(24 - (11 - -2)) + -87 + 20
-56
Calculate -69 + 49 + -1 - (1 - 23).
1
What is the value of 18 + -30 + 8 - -62?
58
-67 + (-2 + 20 + -35 - -44)
-40
Calculate -16 - -30 - (-14 + -2 + 10).
20
8 - -1 - (-85 + 89 - 8)
13
Evaluate -38 + 107 + -93 - (8 + -24).
-8
-36 - (25 + -40) - (14 + 2)
-37
Calculate 19 + 1 + 73 + 187 + -283.
-3
Evaluate (-7 - 5) + 17 + 44 + -7.
42
24 + (19 - -22) + -24
41
What is the value of -56 - (-37 - (64 + -46))?
-1
What is 65 + (15 - (-11 - -75))?
16
Evaluate -4032 + 3983 + (-3 - -39) + (-3 - -2 - 116).
-130
(-2 - (-1 + -26)) + (-3852 - -3875)
48
What is -18 + 11 - 51 - (5 + -20 - 0)?
-43
Evaluate 26 + 27 + -34 - (1 + -16).
34
What is the value of 2030 + -2046 - (0 + -20)?
4
Calculate 132 + 20 + -40 - -16 - (2 - 5).
131
Evaluate (8 - (-13 - -12)) + (-10 - -22) - 46.
-25
What is -5 + (-17 - -12) + (-10 - 2)?
-22
Evaluate (-98 - 20) + (19 + -1 - 0).
-100
103 - (18 - (1 + -10 + -197 + 223))
102
Evaluate 9 + (30 -